on divisor of 404742 and 78?
78
What is the greatest common factor of 198 and 12188?
22
What is the greatest common divisor of 676 and 448682?
26
What is the highest common factor of 1704 and 1633?
71
What is the highest common factor of 266 and 69559?
133
What is the greatest common factor of 2378 and 58384?
82
Calculate the highest common divisor of 103 and 180559.
103
What is the greatest common factor of 403 and 32643?
403
What is the greatest common factor of 18105 and 405?
15
Calculate the greatest common factor of 5496 and 2976.
24
What is the greatest common factor of 490 and 4454590?
490
Calculate the greatest common divisor of 4949 and 166852.
707
Calculate the greatest common divisor of 3441 and 24459.
93
Calculate the greatest common divisor of 6776 and 3476.
44
Calculate the greatest common factor of 26220 and 1520.
380
Calculate the highest common factor of 35 and 95515.
35
What is the highest common factor of 610 and 28182?
122
Calculate the greatest common divisor of 20 and 76940.
20
Calculate the greatest common factor of 9102 and 962.
74
Calculate the highest common factor of 19 and 97793.
19
What is the greatest common factor of 170136 and 1548?
36
What is the greatest common divisor of 3888 and 97632?
432
Calculate the highest common divisor of 36 and 393060.
12
Calculate the greatest common divisor of 36 and 264294.
18
Calculate the greatest common factor of 54081 and 135.
27
What is the highest common factor of 749715 and 3171?
453
Calculate the greatest common factor of 2773 and 41125.
47
Calculate the greatest common factor of 81532 and 1309.
187
What is the greatest common factor of 35776 and 16?
16
Calculate the highest common divisor of 596327 and 87.
29
Calculate the highest common factor of 12306 and 1176.
42
Calculate the greatest common divisor of 991152 and 144.
144
What is the greatest common factor of 13299369 and 597?
597
Calculate the highest common divisor of 7 and 22817627.
7
Calculate the greatest common divisor of 2463 and 116582.
821
Calculate the highest common factor of 2193955 and 227.
227
What is the highest common factor of 2681 and 75834?
383
Calculate the highest common divisor of 2772 and 410949.
693
Calculate the highest common divisor of 13350 and 8950.
50
What is the greatest common factor of 6328 and 317191?
791
What is the greatest common factor of 2955 and 34081?
197
Calculate the highest common divisor of 2839 and 155811.
167
Calculate the highest common factor of 370 and 490.
10
What is the highest common divisor of 100 and 35300?
100
What is the greatest common divisor of 128 and 468?
4
What is the highest common factor of 8602 and 5566?
506
What is the greatest common factor of 754 and 70837?
13
What is the greatest common factor of 60 and 241920?
60
What is the greatest common factor of 6204 and 18236?
188
Calculate the greatest common divisor of 7363 and 16613.
37
What is the greatest common factor of 730 and 108478?
146
Calculate the highest common divisor of 52419 and 3636.
303
What is the greatest common divisor of 1402564 and 868?
124
What is the greatest common factor of 2246026 and 149?
149
What is the highest common divisor of 561143 and 367?
367
What is the greatest common divisor of 4693 and 13775?
19
What is the highest common factor of 26364 and 6504?
12
Calculate the highest common divisor of 168 and 2425220.
28
Calculate the highest common factor of 960 and 45904.
16
What is the greatest common divisor of 36593 and 23828?
851
Calculate the highest common factor of 463138 and 52.
26
Calculate the highest common divisor of 66 and 3966.
6
What is the greatest common factor of 157687 and 1507?
137
What is the highest common divisor of 166185 and 135?
135
What is the highest common divisor of 1968615 and 15?
15
What is the greatest common divisor of 1648 and 146260?
412
Calculate the greatest common divisor of 2160 and 5680.
80
Calculate the greatest common divisor of 1508 and 1144.
52
What is the highest common factor of 238 and 182206?
34
What is the greatest common factor of 4744 and 1018774?
1186
Calculate the highest common divisor of 172 and 238220.
172
What is the highest common factor of 118 and 16166?
118
What is the highest common factor of 24 and 11082?
6
Calculate the highest common divisor of 2717150 and 3100.
1550
Calculate the greatest common factor of 180645 and 30.
15
Calculate the highest common divisor of 2323 and 6666.
101
What is the highest common divisor of 80234 and 4928?
154
Calculate the greatest common divisor of 5 and 169025.
5
Calculate the greatest common factor of 1731 and 60.
3
Calculate the highest common factor of 165050 and 100.
50
What is the greatest common factor of 452755 and 230?
115
Calculate the greatest common factor of 137998 and 21.
7
What is the greatest common factor of 4 and 157048?
4
What is the highest common factor of 18902112 and 1376?
1376
Calculate the highest common factor of 20 and 139970.
10
Calculate the greatest common factor of 8820 and 220.
20
What is the highest common factor of 2 and 1262?
2
What is the greatest common factor of 39152 and 272?
16
What is the greatest common divisor of 1727423 and 95?
19
What is the highest common divisor of 1536 and 237056?
512
Calculate the highest common divisor of 1331 and 31581.
121
Calculate the greatest common divisor of 1 and 7723.
1
Calculate the highest common factor of 915 and 168665.
305
What is the highest common divisor of 3840 and 73140?
60
Calculate the highest common factor of 160 and 11936.
32
What is the greatest common factor of 16 and 41872?
16
What is the highest common divisor of 535 and 239573?
107
What is the greatest common divisor of 87 and 867?
3
Calculate the greatest common divisor of 83979 and 7.
7
Calculate the highest common factor of 854 and 2058.
14
What is the greatest common divisor of 114106 and 177?
59
What is the greatest common factor of 520 and 93106?
26
What is the greatest common factor of 171075 and 15?
15
Calculate the greatest common divisor of 624 and 1941056.
208
Calculate the highest common divisor of 8786 and 2254.
46
Calculate the highest common factor of 240955 and 5720.
715
What is the greatest common factor of 1292 and 228361?
323
Calculate the highest common divisor of 304 and 1856.
16
What is the greatest common divisor of 2715 and 1065?
15
Calculate the greatest common divisor of 788 and 2213.
1
What is the greatest common divisor of 264 and 212091?
33
Calculate the highest common divisor of 38213 and 103.
103
What is the highest common divisor of 30 and 5748?
6
What is the greatest common divisor of 336 and 1611288?
168
Calculate the highest common divisor of 17 and 96.
1
What is the greatest common divisor of 1267464 and 528?
264
Calculate the highest common factor of 730344 and 24.
24
Calculate the highest common factor of 170729 and 7475.
299
Calculate the highest common factor of 10 and 356135.
5
Calculate the highest common divisor of 243 and 54783.
27
What is the greatest common divisor of 1015 and 9281363?
203
Calculate the highest common factor of 5850 and 51120.
90
What is the greatest common divisor of 5112 and 224360?
568
What is the highest common divisor of 12046 and 2432?
38
Calculate the highest common factor of 188510 and 56.
14
What is the highest common divisor of 45009 and 45?
9
What is the greatest common divisor of 552 and 240971?
23
What is the highest common factor of 9220 and 40?
20
What is the greatest common factor of 210 and 92694?
42
Calculate the greatest common factor of 291 and 786767.
97
What is the greatest common divisor of 19608 and 204?
12
Calculate the highest common divisor of 8608 and 2000.
16
What is the greatest common factor of 100 and 124675?
25
Calculate the greatest common factor of 106722 and 154.
154
What is the highest common divisor of 37884 and 176?
44
What is the highest common factor of 194 and 200693?
97
Calculate the highest common factor of 1065 and 1704.
213
What is the greatest common factor of 75033 and 14931?
189
Calculate the greatest common divisor of 10578 and 4902.
258
Calculate the highest common factor of 9944 and 352.
88
Calculate the greatest common factor of 3340175 and 1150.
575
Calculate the greatest common divisor of 51893 and 11.
1
Calculate the hi